3 = 0. What is the hundreds digit of t?
6
What is the units digit of 4/(-22) + (-25851280)/(-1716) + 8/(-3)?
2
What is the tens digit of ((-153)/51)/(12/(-17192))?
9
Suppose 0 = -5*h - 90 - 60. Suppose 87 = z + 2*a, -3*z = 4*a - 89 - 178. Let t = z + h. What is the units digit of t?
3
Let f = -68 + 71. Suppose -14*r + f = -11*r. What is the units digit of r?
1
What is the units digit of (-5)/((-5)/28832)*198/99?
4
Suppose 43*o - 15*o = 7616. Let q = 756 - o. What is the tens digit of q?
8
Let t(g) = 2*g**2 - 7*g**2 + 77 + 30 - 59*g. Let u(h) = -2*h**2 - 20*h + 36. Let w(y) = 3*t(y) - 8*u(y). What is the units digit of w(25)?
3
Let g(r) = 481*r**2 - 9*r - 14. What is the thousands digit of g(4)?
7
Suppose -3*d - 5*v + 55 = -4*d, 0 = -2*d + v - 74. What is the hundreds digit of (-2 + d)*(-228)/12?
7
Let o = -3287 - -5336. What is the thousands digit of o?
2
Suppose 9*z - 2350 = 8900. What is the hundreds digit of (2 - 0) + -106 + z?
1
Let m be (-1)/(2/(-21) + 4/(-84)). Suppose -m*f = -2*f - 2785. What is the tens digit of f?
5
Let b = -10 + 31. Let q be (3*8/(-36) - -1)*b. Suppose -1952 + 181 = -q*t. What is the hundreds digit of t?
2
Let g(f) = -11 + 28 - f**3 + f - 13. Let y be g(-2). What is the tens digit of (y/(-2))/((-32)/(-36) - 1)?
4
What is the units digit of ((-873)/(-30) + (-2)/(-5))/(602/791028)?
3
What is the ten thousands digit of (-2)/20 + ((-4583525)/(-250) - 7)?
1
Let h = -658 - -738. Let z = h - -532. What is the tens digit of z?
1
Suppose 8*s + 258 = 5*s. Let n be (-3)/12 + (-9)/(-4). What is the tens digit of (-10965)/s - n/4*1?
2
Let i(g) be the first derivative of g**5/30 - 7*g**4/12 - 3*g**3 - 23*g**2/2 - 7. Let s(a) be the second derivative of i(a). What is the units digit of s(15)?
2
Suppose -119*b - 125*b + 252*b - 32904 = 0. What is the tens digit of b?
1
Let l(k) = 135*k**2 - 12*k - 49. Let n(d) = 45*d**2 - 4*d - 17. Let z(j) = 3*l(j) - 8*n(j). What is the tens digit of z(3)?
8
Let m = 659 - 650. Suppose 1407 = 3*x + a - 5*a, 0 = -3*a - m. What is the units digit of x?
5
Let n be ((-56)/(-12))/7*-366363. What is the tens digit of n/(-144) + 1/(-8)?
9
Suppose -2 = -106*u + 104*u. Suppose 3*o - 780 = -2*o. What is the units digit of u/(-3)*(9 - o)?
9
Let g(p) = -2*p**2 - 8*p - 3. Let z be g(-4). Let a be z/(-9) + (75/(-9) - 0). What is the tens digit of a/6 - 258/(-18)?
1
Let f(o) = o - 7. Let l be f(-5). What is the units digit of ((-1968)/l)/(1/2)?
8
Let c(i) = 12*i - 206. Let u be c(28). Suppose -733 + u = -9*r. What is the tens digit of r?
6
Let i(q) = 171*q - 63. Let f be i(4). Let p = f - 246. What is the hundreds digit of p?
3
Suppose -5*s = -h - 5941, 5*h = -s - 78 + 1261. Suppose 0 = -5*t + 2*t + s. What is the units digit of t?
6
What is the units digit of 8/(-5) - (-969144)/165?
2
Suppose 4*v - 63 = v. Suppose -5*g = -3*l + v + 250, -l + 5*g + 97 = 0. Suppose u + 0 - l = 0. What is the tens digit of u?
8
Let j = -498 - -1293. Let z = j + -180. What is the units digit of z?
5
Let p(j) = -2*j**3 - 39*j**2 + 84*j + 356. What is the ten thousands digit of p(-31)?
1
Let m be (-3 - (-245)/(-15))*3. Let q = 387 + m. What is the hundreds digit of q?
3
Let q = -875 + 683. Let d be 1*2*945/(-10). What is the units digit of 1/(q/d - 1)?
3
Let j = -26 + 26. Suppose j = -2*a - 4*x + 1086, 5*x + 286 = -5*a + 3026. What is the hundreds digit of a?
5
Suppose 0 = 6*i - 11*i + 20. Suppose 0 = -2*w - 3*z + 147, w - 56 - 20 = -i*z. Suppose 0 = 3*p + 15 - w. What is the units digit of p?
9
What is the thousands digit of 2*40169*(90/(-12) + 8)?
0
What is the tens digit of 52/91*(-2177)/(-2)?
2
Let l = -20193 + 28770. What is the tens digit of l?
7
Let k = 166 + -163. Suppose 0 = k*o + 149 - 2495. What is the hundreds digit of o?
7
Let y = -33 - -38. Suppose 17 = -y*t + z, -5*z + 14 = -5*t - 3*z. What is the tens digit of (t/8)/((-105)/102 - -1)?
1
Let y = -2426 + 16946. What is the ten thousands digit of y?
1
Let c(l) = 820*l + 4489. What is the thousands digit of c(44)?
0
Let h = 8688 + -5267. Let d = -2259 + h. What is the tens digit of d?
6
Suppose -8*m + 4*m + 12 = 0. Suppose -4*k = 3*f - 259, -4*f + m*k = -k - 364. What is the units digit of f?
9
Suppose 255*w - 779074 - 642182 = 427749. What is the units digit of w?
1
Let r(u) = 3*u**2 + u + 2. Let n be r(0). Suppose -3*m - 4*g + n*g + 1175 = 0, -3*m + g + 1163 = 0. What is the hundreds digit of m?
3
Let m(l) = 74*l + 3181. What is the tens digit of m(0)?
8
Let i = 74 - 70. Suppose -2*x + 2*a = -0*a + 328, -4*a = -i. What is the units digit of x/(-7) + ((-8)/(-14))/(-2)?
3
Suppose 13*w - 55 = 2*w. Let t be (-18)/(-10) + w/25. What is the hundreds digit of 135 - t/(3 + -1)?
1
Let b = 56 - -38. Let s = b - -21. What is the hundreds digit of s?
1
Let j = -67 - -69. Suppose 2*b + 1 = -4*x + 5, j*b + 3*x - 5 = 0. Suppose b*d + 0*d = -5*t + 266, 0 = -4*t + d + 196. What is the tens digit of t?
5
Suppose -309733 + 32028 = -4*h + 5*s, 2*s + 347127 = 5*h. What is the units digit of h?
5
Let f = 156 + 177. Let c = -157 + f. What is the tens digit of c?
7
Let t(q) = -12 + 89*q - 13*q + 13. Let s be t(3). Let g = s - 119. What is the hundreds digit of g?
1
Suppose 3*u - 2*n = 153832, 49*n - 54*n = u - 51300. What is the hundreds digit of u?
2
Suppose 10*y - 11*y - 2863 = -5*p, 3*p + 3*y - 1725 = 0. Suppose -566*k + p*k - 6622 = 0. What is the hundreds digit of k?
9
Let f be 0/(-1 - (1 + 0)) - -23. Suppose 29*h - f*h = 5502. What is the hundreds digit of h?
9
Let t(u) = -u**3 + 9*u**2 + 11*u - 24. Let o(b) = -b**2 - 5 + 17 - 11. Let l(q) = 3*o(q) + t(q). What is the units digit of l(6)?
5
Let q(y) = 998*y**3 + 15*y**2 + 13*y - 30. What is the units digit of q(2)?
0
Let j = 22023 - 13006. What is the units digit of j?
7
What is the thousands digit of -163*(-4)/12*(43 + -4)?
2
Let c = 4661 - -6381. What is the hundreds digit of c?
0
What is the units digit of -5*35/(-21)*501?
5
Let f = 26352 + 29728. What is the hundreds digit of f?
0
Let u = -2399 - -8397. What is the hundreds digit of u?
9
What is the ten thousands digit of 16944357/205 + (-24)/(-40)?
8
Let h = 1409 + -1234. What is the tens digit of h?
7
Let j(q) be the second derivative of q**5/4 - q**4/24 - 2*q**3/3 + 8*q**2 + 9*q. Let o(f) be the first derivative of j(f). What is the units digit of o(-2)?
8
Let y be (-3)/15 + 77/35. What is the tens digit of 1 - 2 - y - -639?
3
Let i(o) be the first derivative of o**4/2 - 17*o**3/3 - 17*o**2/2 + 3*o - 109. What is the tens digit of i(13)?
0
Let y be (-6)/(-4) - 1005/10. Let h = y - -69. What is the tens digit of (60/9)/1*h/(-4)?
5
Suppose -2*s = 3*c - 13164, -2*s + 12*c - 10*c + 13174 = 0. What is the hundreds digit of s?
5
Let m = -6 + 129. Let p = m - 109. Suppose -1000 = p*k - 18*k. What is the hundreds digit of k?
2
Let s = -107 + 250. Let c(o) = -19*o**2 - 7*o + 7. Let h be c(2). Let d = h + s. What is the units digit of d?
0
Let z(n) = -8*n**2 + 29*n - 14. Let i be z(4). What is the hundreds digit of ((-12)/i)/3 - 7577/(-13)?
5
Let w = 36344 + -25419. What is the units digit of w?
5
Suppose -n = 5, 0 = 3*v - 6*v - 4*n - 2. Suppose 40 = v*p - 4*p. Suppose 4 = y, -2*m - 2*y + 224 = -p. What is the tens digit of m?
1
Suppose 3*q = 3 - 0, 0 = -3*v - 3*q + 12. Suppose -5*w - v*w = -64. What is the tens digit of 406/w + (-8)/(-32)?
5
Suppose -5*k = 4*w - 20, 13*w - 9*w - 20 = 0. Suppose -30*s + 13141 - 3241 = k. What is the units digit of s?
0
Let o be ((-63)/(-42))/((4/(-2))/144). Let f = 248 + o. Let r = f - 73. What is the tens digit of r?
6
Suppose -148*g - 165*g + 795285 = -286*g. What is the hundreds digit of g?
4
Let l = -54 + 69. Suppose -3*x + l = q, -q - 4*x = -0*q - 20. Suppose 4*o - 372 = -q*o. What is the units digit of o?
3
Let j = 431 + -440. What is the tens digit of ((-1374)/j)/(3/18)?
1
Let w = -41 + 26. Let r(m) = -m**3 - 16*m**2 - 16*m - 16. Let f be r(w). What is the units digit of 4 - 10*5/f?
4
Let l = 738 + 1236. Suppose l = 30*k + 714. What is the tens digit of k?
4
Let j be -6*((-4)/(-10) + 7518/(-20)). Suppose 4*h + 333 = j. What is the tens digit of h?
8
Let l = 56 - -50. Let g(d) = d**3 - 7*d**2 + 7*d - 1. Let i be g(6). Suppose 7*u - i*u = l. What is the tens digit of u?
5
Let x be (-12837)/44*(-16)/12. Let w = x - 24. What is the tens digit of w?
6
